
Suppose 3*u = 5*t - 3, 2*u = 5*t + 7*u + 5. Let h(o) be the third derivative of -1/4*o**4 + 0 + t*o**3 + 0*o + 4*o**2. Calculate h(1).
-6
Let m(n) = -n + 1. Let w be 6/(2*(2 + (-1 - 0))). Determine m(w).
-2
Let l = 9 - 4. Let i(g) = -2 + l - 4*g**2 + 7*g - g**3 + 3. Determine i(-5).
-4
Let f(w) = -8*w. Suppose -5*y + 15 = 0, 5*z = y + 3 - 1. Determine f(z).
-8
Let l = 7 - 1. Let g(z) = -z + 8. Let n be g(l). Let x(h) = -h**3 + 4*h**2 - 4*h + 2. What is x(n)?
2
Let n(a) = -a**2 + 1. Let c be -1 + 3/(6/8). Let d be 0 - (c - (-12)/(-4)). Calculate n(d).
1
Let x be (4/(-7))/((64/28)/(-8)). Let d(k) = k**2 + 2. What is d(x)?
6
Let t = -1/187 + 199/2244. Let h(r) be the second derivative of -2*r - t*r**4 - 1/6*r**3 + r**2 + 0. Determine h(-2).
0
Let l(d) = d**2 - 4*d**2 - 6*d + 2*d. Determine l(-3).
-15
Let p(y) = y**2 + 3. Let c = -14 - -14. Give p(c).
3
Suppose 2*r + 1 = -f, -4*f - 15 = 3*r - 7*f. Let i be ((-8)/(-6))/(3/9). Let c(k) = k**2 - 3*k**3 + i*k**3 + 3*k + 1 + 4*k**2. Determine c(r).
7
Suppose 3*a + a + 12 = 0. Let m = 2 + a. Let o(v) = 6*v + 1. Determine o(m).
-5
Suppose -3*n + 15 = z, 0*n = -5*z + n + 11. Let w(c) = -3*c - z + 3 - 1. Let f = 81 + -83. Calculate w(f).
5
Suppose -11 = 2*l + g, -4*l + g = l + 17. Let v(p) = -2*p + 1. What is v(l)?
9
Let k(v) = 2*v - 5. Let c be k(7). Let t(u) = c*u - 4*u**2 - 5*u + u + u**3 - 3. Suppose f + 15 = 6*f. Calculate t(f).
3
Let j(c) = -8*c**3 + 2*c**2 - 1. Let m be j(-1). Suppose -3*h + m + 9 = -2*r, 3*r = -2*h + 25. Let n(x) = x - 12. What is n(h)?
-4
Let h(k) be the first derivative of k**4/12 - k**3/6 - 9*k**2/2 + 2*k + 2. Let z(o) be the first derivative of h(o). Determine z(0).
-9
Let k(y) = y**3 - y - 7. Let d(g) = -1. Let v(z) = 2*d(z) - k(z). What is v(0)?
5
Let n(q) = 7. Let j(t) = -t + 6. Let m(f) = -3*j(f) + 4*n(f). Give m(-7).
-11
Let x = 1 - -7. Let k(q) = x*q**3 + 0*q + q - q**3 + 2*q**3. Calculate k(1).
10
Let s(z) be the third derivative of 0*z + 0*z**3 - 1/120*z**6 + 1/4*z**4 + 0 + 1/12*z**5 - z**2. Give s(6).
0
Let m(n) be the second derivative of -n + 1/12*n**4 + n**3 + 1/2*n**2 + 0. What is m(-5)?
-4
Suppose -8 + 14 = -c. Let o(u) = u**2 + 3*u - 6. Determine o(c).
12
Let n(o) be the first derivative of 2*o**2 + 5*o - 50. Give n(-4).
-11
Let p(y) = -y**2 - 2*y - 1. Let u = -4 + 7. Suppose u*d = d - 4*j + 14, 3*d - 11 = -j. Let q be d/15 + (-11)/5. Calculate p(q).
-1
Let x be (-1 - (1 + -4))/1. Let l(q) be the third derivative of q**6/120 - q**5/60 - q**4/12 - q**2 - 3. What is l(x)?
0
Let l(j) = 12*j**3 - 15*j**2 + 5*j - 3. Let m(y) = 5*y**3 - 7*y**2 + 2*y - 2. Let g(t) = -3*l(t) + 7*m(t). What is g(-4)?
-1
Let r(x) be the second derivative of x**4/12 - 5*x**3/6 - x. Let c = -18 - -22. Suppose 0 = -c*u - 3*q + 2 + 11, 4*u - 11 = -5*q. What is r(u)?
-4
Let h(d) = d**3 + 3*d**2 - 4*d + 4. Let s be h(-4). Let b(y) = y**3 + 2*y - 3*y**3 + 3*y**3 + s + 4*y**2. What is b(-3)?
7
Let n(i) = -i**3 + 4*i**2 - 2*i - 2. Let g be 3/(-15) + (-71)/(-5). Suppose 6 + g = 5*b. What is n(b)?
-10
Suppose -w + 4*b - 9 = -1, -10 = 5*w - 5*b. Suppose w = 2*v + 2*v. Let x(z) = 2*z**2 + 6*z**3 - z - 4*z**2 + v*z**2. Determine x(-1).
-7
Let w(p) = -2 - 3 + 0*p**2 + 0*p**2 - p**2 + 6*p. Let a = 59 + -99. Let i be 30/(-4)*a/50. Calculate w(i).
-5
Let i(h) = -h + 0 - 3*h - 1. Suppose 4*l = -l - 10. Determine i(l).
7
Let x = -14 - -14. Let c(g) = -1 - 7*g + 6*g + x*g - 2*g. Calculate c(-4).
11
Let a(z) = z**2 + 8*z + 6. Let f be -1 + (-16)/(-14) - (-172)/(-28). Calculate a(f).
-6
Let z(k) = -k**3 - k**2 - k - 1. Let x(r) = 2*r**3 + 2*r**2 + 2*r + 3. Let d(n) = -3*x(n) - 7*z(n). What is d(-2)?
-8
Suppose -k - 3*k = 12. Let p(b) be the second derivative of b**5/20 + b**4/3 + 5*b**3/6 + 3*b**2/2 - b. Determine p(k).
-3
Let m(j) = -4*j**2 + 8*j - 3*j**2 - 6*j**2 + 14*j**2 - 7. Calculate m(-8).
-7
Let y(b) = -b**2 + 116*b - 121*b + 0 - 2. Give y(-4).
2
Let y(z) = 18*z + 1. Let l(w) = w**3 - 15*w**2 - w + 16. Let b be l(15). Calculate y(b).
19
Let c be -3*(-3 + (-30)/(-18)). Let h(l) = -l**2 + l + 1. What is h(c)?
-11
Let y(f) = 2*f - 5. Let j(u) = 3*u - 8. Let r(b) = 5*j(b) - 7*y(b). Calculate r(5).
0
Suppose -29 - 42 = -4*c + 3*h, 3*h + 37 = 2*c. Let x = c + -12. Let s(k) = k**3 - 5*k**2 - 5. Calculate s(x).
-5
Let u(m) = -3*m + 7*m + m + 2*m. Determine u(1).
7
Suppose -28 + 30 = z. Let w(x) = -2*x**3 + x**2 + 2*x. What is w(z)?
-8
Let a(h) be the second derivative of -h**4/12 + h**3/6 + 5*h**2 + 3*h. Let c(n) = n**2. Let k(j) = a(j) + 2*c(j). Let w = 0 - 0. Calculate k(w).
10
Let c(s) = 5*s**2 - 1. Let j(b) = 2*b**2 - 3*b + 2. Let n be j(2). Suppose -2*k + n*k + 4 = 0, 4*k = -2*d + 2. Suppose d*z + 2 = 3*z. What is c(z)?
4
Let h(l) = -2*l - l + 3 + 3*l**2 - 2*l. Give h(3).
15
Let n(a) = -5*a**2 + a. Suppose 0 = 5*x - 27 + 7. Suppose 2 - 10 = -x*z. Suppose -z*l - 2 = -y, -l + 3*y = -2*y + 1. What is n(l)?
-6
Let b(z) = -z**3 + 4*z**2 + 2*z + 3. Let w(f) = -3*f**3 - 2*f**2 - 4*f - 1. Let u be w(-1). Determine b(u).
11
Let m(u) = 4*u - 3. Let o(t) = -5*t + 4. Let r(v) = -4*m(v) - 3*o(v). Calculate r(7).
-7
Let m(b) = b**2 + b - 4. Let c be m(-3). Let x = c + 0. Let u(n) = 3*n + 0 - 4*n + 2*n - x. What is u(4)?
2
Let b(l) = -l**3 + 5*l**2 - 3*l - 1. Let s be 4*(3 + (-10)/4). Let r be -2*(-2 + 1) + s. Determine b(r).
3
Let o = -5 - -8. Let h be ((-3)/o)/((-2)/(-10)). Let p(u) = -u**2 - 7*u - 4. Calculate p(h).
6
Let r(l) = -8*l**2 + 20*l + 6. Let i(j) = -3*j**2 + 7*j + 2. Let f(x) = 11*i(x) - 4*r(x). Give f(-2).
0
Let o(g) = 4*g**2 + 31*g - 19. Let d(b) = -b**2 - 10*b + 6. Let c(q) = 7*d(q) + 2*o(q). Let i be c(8). Let t(s) = -s**2 + 4*s + 5. Determine t(i).
5
Let y(f) = f**2 - 7*f + 9. Let t be (-4)/(-18) - (-264)/27. Let w = t - 7. Suppose w*x - 33 = -5*h, 2*h - 19 = -2*h + 5*x. Calculate y(h).
3
Let b(t) = 2*t**3 + t + 1. Suppose -2*q - 5*x + x = -4, 8 = 4*q - x. Suppose -o = q - 1. Calculate b(o).
-2
Let z(h) = -3*h**3 - 3*h**2 + h + 2. Let u be z(-2). Let m = -17 + u. Let g(r) = 6 + 0*r**2 - r + r**2 + 7*r. Give g(m).
1
Let h(a) = -a**2 + a + 4. Let r = -11 - -7. Let q(c) = c + 1. Let n be q(r). Let i = n - -3. What is h(i)?
4
Let d(j) = 6*j**3 + 2*j**2 + j. Let x(c) be the third derivative of -c**4/8 + 2*c**3/3 - 3*c**2. Let o be x(3). Let r = -6 - o. What is d(r)?
-5
Let f(w) = w**2 + 12*w + 10. Let i be f(-11). Let t(n) = -6*n**3 + n**2 + n. Determine t(i).
6
Let h(r) be the first derivative of r**3/3 + 5*r**2/2 + 15. What is h(-6)?
6
Suppose 0 + 3 = 3*h. Suppose 5 = 2*s + h. Let f(x) = 2*x**2 + 3 - 3*x**s + 3*x + 1. Give f(3).
4
Let k(i) be the first derivative of 1/2*i**2 - 5*i - 1. Determine k(4).
-1
Suppose -2*u = -u. Suppose u = -2*h + 5*h - 24. Let a(i) = i + 1. Let y(t) = 3*t + 2. Let p(n) = h*a(n) - 3*y(n). What is p(0)?
2
Let k(m) = -2*m**2 + 3*m**2 - 4*m**2 + m - 3*m**2. Give k(1).
-5
Let y(v) = -v - 3. Let t = -6 + 8. Let s = -1 + 2. Suppose t*d - s = 5. Give y(d).
-6
Let v(c) = -c + 5. Let p be v(0). Let q(o) = 2*o + 15. Let a(h) = -6*h - 42. Let i(s) = -5*a(s) - 14*q(s). Give i(p).
10
Let s(u) be the second derivative of u**6/360 - u**5/120 + u**4/2 + 2*u. Let f(r) be the third derivative of s(r). Calculate f(-3).
-7
Suppose 0 = -3*p + 2*p. Suppose p = -5*h + 22 + 8. Suppose -9 = -5*w + h. Let x(z) = z**3 - 4*z**2 + 4*z. Give x(w).
3
Let h(n) = -4*n + 1. Let u(p) be the first derivative of p**3/6 - 4*p**2 - 2*p + 3. Let t(v) be the first derivative of u(v). Let a be t(7). Give h(a).
5
Suppose 2*d + 5 = -u, 0 = -d - 2 - 2. Let n(h) = 1 + 4 - 3 + h - h**2 - 3. Determine n(u).
-7
Suppose 2*n - 2*v - 16 = 0, 2*n + 0 = v + 11. Let o(d) = d**2 - 8*d - 1. Let q(y) = -2*y**2 + 9*y + 2. Let x(l) = n*o(l) + 2*q(l). What is x(-6)?
1
Let m = -72 + 69. Let d(h) = -6*h + 3. What is d(m)?
21
Let q(j) = 2*j - 9. Let i be 36/21*14/4. Give q(i).
3
Let r(f) = f. Let l be r(5). Let m(x) = 3 - l*x + x**2 - 1 - 2*x. Let g be (-14 - -13) + 1*5. Determine m(g).
-10
Let i(l) = l**2 + 5*l. Let h(t) = -t**2 - 4*t + 2. Let z be h(-4). Suppose 12 = z*a + 2*a. Suppose 0 = a*k - 6 + 24. What is i(k)?
6
Let w(c) = -c**3 - 4*c**2 - 2*c - 1. Let q be -1*(-1 + 1 - 1). Let l be 10 - (q - (-2 + 1)). Suppose -3*j - l = -j. Determine w(j).
7
Let y(a) = a + 12. Suppose 2*p + 3*p = -25. Let q be y(p). Suppose q = -4*n - 5. Let